186 = -2*y, -3*y = -0*y - 4*i - 244. Calculate the remainder when y is divided by 23.
19
Let h(z) = -z**2 - 8*z - 6. Let k be h(-6). Let u(d) = -d**3 + 7*d**2 - 3*d + 9. Calculate the remainder when u(k) is divided by 14.
13
Suppose 2*o = -u + 3*o + 5, -4*o = -4. Suppose -10 = -2*k, 0 = -2*i + 6*i - 4*k - 296. Suppose -28 = 3*w - i. Calculate the remainder when w is divided by u.
5
Suppose 3*s = -8 + 17. What is the remainder when 5 is divided by s?
2
Suppose -2*o = -0*d - 4*d + 172, 5*d + o - 208 = 0. Calculate the remainder when d is divided by 22.
20
Calculate the remainder when ((-2)/(-2) - 53)/(-2) is divided by 7.
5
Let q = 12 - 1. Let a(c) = -3*c + 4. What is the remainder when a(-9) is divided by q?
9
Let b(d) = d**3 - 2*d**2 - d + 1. Suppose -v + 1 = -4*t - 0, 4*v - t - 49 = 0. What is the remainder when v is divided by b(3)?
6
Let c(k) = k**2 + 6*k - 11. Calculate the remainder when c(-10) is divided by 22.
7
Calculate the remainder when 333 is divided by (96/88)/(-6) - (-464)/11.
39
Suppose d + 0*r = -3*r - 3, 4*d - 3*r - 63 = 0. Calculate the remainder when 1/3 - 212/(-3) is divided by d.
11
Let f = 41 + -37. What is the remainder when 7 is divided by f?
3
Suppose -150 = -2*c - c. Let u = 23 + -10. Calculate the remainder when c is divided by u.
11
Let z(r) = 4*r**2 - 3*r - 3. What is the remainder when z(3) is divided by 15?
9
Suppose -4*p = -4, 3*i - 4*p + 0*p = 29. Calculate the remainder when 42 is divided by i.
9
Let f = -89 + 111. Calculate the remainder when f is divided by 4.
2
Suppose 2 = 2*u - 6. Suppose 5*s - 2*t + t - 121 = 0, -2*s + u*t = -34. Suppose -4*f + f = -2*j - 19, -j = -4. What is the remainder when s is divided by f?
7
Suppose -2*x - 4*x + 18 = 0. Suppose -2*w = 10, -x*a - w + 54 = -4*w. Calculate the remainder when a is divided by 4.
1
Let u(l) = 4*l**3 + 2*l**2 - 3*l + 3. What is the remainder when u(2) is divided by 8?
5
Suppose -4*g = 2*m - 9*g - 27, 0 = -m + g + 12. Calculate the remainder when 29 is divided by m.
7
Suppose s = 4*j - 44, j = 3*j + 5*s. Calculate the remainder when j is divided by 3.
1
Let v = -109 + 116. Let q = 58 + -96. Let p = -19 - q. What is the remainder when p is divided by v?
5
Suppose 15 = -5*z + 45. Let x = 19 - 7. Suppose -i + 4*u + 33 = z, -u - x = -i. What is the remainder when 13 is divided by i?
6
Let x(w) = -w + 3. Let m = 6 + -9. Let y be x(m). Suppose 5*z + 10 = b, y - 46 = -4*b + 2*z. Calculate the remainder when 17 is divided by b.
7
Suppose 2*o + 16 - 130 = 0. What is the remainder when o is divided by 15?
12
Suppose 75 + 25 = 2*d. Calculate the remainder when d is divided by 50/(-175) + (214/14 - -2).
16
Let o(k) = 3*k**2 - 12*k - 7. Let z(q) = -3*q - 2. Calculate the remainder when o(7) is divided by z(-7).
18
Suppose -7*j = -140 - 903. Calculate the remainder when j is divided by 50.
49
Let a(m) = 6*m. Suppose -4*u + 12 = -0*u. What is the remainder when a(u) is divided by 5?
3
Suppose -3*v - 73 = -5*u + v, 2*u - v - 31 = 0. Calculate the remainder when 32 is divided by u - (0 - 0)/(-2).
15
Suppose -6 = 3*x - l, -5*x - l + 7 = 3*l. Calculate the remainder when x/3 - (-280)/12 is divided by (-15)/(-6)*6 - 3.
11
Suppose 4*g - 21 = 3. Suppose o - 1 = 1. What is the remainder when 30 is divided by 10*(o - g/15)?
14
Suppose 0 - 21 = 3*q. Let x = -7 - q. Suppose x*h = -4*h + 84. What is the remainder when h is divided by 11?
10
Let o = 145 - 87. Suppose -3*v + 5*v = -5*d + 145, -v + o = 2*d. What is the remainder when d is divided by 6?
5
Let t = 32 + -17. Suppose -2*k + t = k. What is the remainder when k is divided by 3?
2
Let p(v) = -6*v - 45. What is the remainder when 192 is divided by p(-10)?
12
Let t(v) = -v**2 + 12*v - 30. What is the remainder when 76 is divided by t(6)?
4
Suppose 9 + 7 = t. Let r(p) = -p**3 - 11*p**2 - 9*p + 13. Let h be r(-10). Suppose -h*j = -15, -5*j - 2 = -m + 3. What is the remainder when m is divided by t?
14
Let q(p) = p**2 + 5*p - 2. Calculate the remainder when q(-12) is divided by 21.
19
Let f(k) = -3*k + 4. Let q be 2/(-5)*(23 + -3). Let n = q - -18. Calculate the remainder when f(-5) is divided by n.
9
Let g = -19 - -50. Let x = -19 + g. Let f = -8 + 30. Calculate the remainder when f is divided by x.
10
Let r = 12 + -9. Let k(l) = 2*l - 9. Let m be k(6). What is the remainder when 11 is divided by m + (r - 4) + 2?
3
Let a be (-10)/(-8) - (-3)/(-12). Calculate the remainder when 7 is divided by a/(2/(-12)*-2).
1
Let r = 177 - 92. Let o = 167 - 110. Let d = r - o. What is the remainder when d is divided by 15?
13
Let w(b) be the third derivative of b**5/60 - b**4/3 + b**3/3 + b**2. Let t be w(8). Let l = t + 2. What is the remainder when 7 is divided by l?
3
Suppose 8*p = 3*p + 20. Suppose -p*m + 31 = 5*t, -3*t - 2*t = -2*m + 23. Let x = -33 + 48. What is the remainder when x is divided by m?
6
Let i(t) = -t + 14. Let h be i(12). Suppose -h*f + 51 = f. What is the remainder when f is divided by 6?
5
Let p = 6 + -3. Let u be 9 + (0 - (-1 - 2)). Let d = 21 - u. What is the remainder when d is divided by p?
0
Let f(k) = k**2 + 9*k + 9. What is the remainder when 3 is divided by f(-8)?
0
Let c(z) = -28*z**2 - 2*z - 3. Let j be c(-1). Calculate the remainder when (-10)/45 + j/(-9) is divided by 1.
0
Suppose -r = -3*r + 48. What is the remainder when r is divided by (-3 - -29)*(-2)/(-4)?
11
Suppose -p + 17 = -9. What is the remainder when 49 is divided by p?
23
Let k = 34 - 20. Suppose 3*n + 2*n - 97 = i, -2*i - k = -n. What is the remainder when n is divided by 7?
6
Suppose 2*c - 3*c = 3, 42 = 3*z - 3*c. Suppose 3*f - 20 = f - 3*n, f = -2*n + z. What is the remainder when 20 is divided by f?
6
Suppose 5*x + 5*l = -25, x = -2*x + 2*l + 10. Suppose 4*g - 7 - 17 = x. Let o = -9 - -19. What is the remainder when o is divided by g?
4
Suppose -4*x = 4*m - 11 + 31, -4*x = -m + 5. Suppose 0*w - 3*q = -4*w + 11, 2*w - 3 = -q. What is the remainder when (3/(-3))/(x/10) is divided by w?
1
Let o = 202 + -101. What is the remainder when o is divided by 33 + 4/(7 + -3)?
33
Let i = -9 - -7. What is the remainder when 29 is divided by (0 + (-15)/2)*i?
14
Let a(o) = -o**3 + 4*o**2 + 6*o - 4. Let g be a(5). Calculate the remainder when (-5)/(-10) - g/(-2) is divided by 1.
0
Let o(j) = 5*j**2 + j + 2. Let r = -9 - -47. What is the remainder when r is divided by o(-2)?
18
Let g(v) be the first derivative of -6*v**2 - 5*v - 4. Let t be g(-4). Let i = t - -2. Calculate the remainder when i is divided by 12.
9
Let f = 8 - -86. Calculate the remainder when f is divided by 19.
18
Suppose -76 = -5*x + 3*b, 4*x + 26 = -3*b + 103. Calculate the remainder when x is divided by 9.
8
Let n(y) = -y**3 + 6*y**2 - 2*y. Let q(b) = -2*b - 1 + 29*b**2 + 6*b - 2*b + 2. Calculate the remainder when q(-1) is divided by n(5).
13
Let t(l) = -l**3 - 3*l**2 + 5*l + 7. Let b be t(-5). Let s = -13 + b. Calculate the remainder when 10/(-10) - (-38 - 0) is divided by s.
18
Suppose 30 = 3*j - 0*j. Suppose 5*n - j = 45. Calculate the remainder when 32 is divided by n.
10
Let v be -4 + 1*(0 + 1). Calculate the remainder when -2*(195/6)/(-5) is divided by 29/4 + v/12.
6
Let y = 4 + -1. Let s be 136/(-6)*9/(-6). Suppose z - y*z = 2*g - s, -2*g + z + 46 = 0. Calculate the remainder when 40 is divided by g.
19
Suppose 10 = 2*j - 6. Suppose -28 = -2*k + j. Calculate the remainder when -4*((0 - -4) + 204/(-16)) is divided by k.
17
Suppose -y + k = 4, 2*y + 3*y + 41 = -2*k. Let c(h) = h**2 + 6*h + 1. Calculate the remainder when (-2 - -1) + 24/1 is divided by c(y).
7
Suppose -5*p + 9 = 3*c + 3, 0 = c + 3. Calculate the remainder when p is divided by (-6)/10 + 16/10.
0
Let q = 3 - 15. Let a = 2 - q. Suppose -5*x + 0*x + 125 = 0. What is the remainder when x is divided by a?
11
Suppose w = -w. Let s(a) = a - 7. Let u be s(w). Let t(p) = -p**2 - 8*p - 3. Calculate the remainder when t(u) is divided by 2.
0
Suppose 5*k - 3*q + 0*q + 550 = 0, -q = 5*k + 550. What is the remainder when ((-2)/(-5))/((-2)/k) is divided by 12?
10
Let a(v) = 50*v - 6. Calculate the remainder when a(2) is divided by 25.
19
Suppose 3*i - 20 = -3*p + 10, -15 = -3*p. Suppose 5*o + 0*c + 2*c = 117, 3*o + 4*c - 73 = 0. Calculate the remainder when o is divided by 2*(-1 - -1*i).
7
What is the remainder when 174 is divided b